e a*(-15)/(-6)*12/45. Calculate the greatest common divisor of g and 14.
2
Let v(l) = -l + 42. Suppose 0 = n - 0*n - h + 10, 0 = -5*n - h - 68. Let r be v(n). Let s = 82 - r. What is the greatest common divisor of 9 and s?
9
Let h = -881 + 1031. Let b = 129 - 79. What is the greatest common divisor of h and b?
50
Suppose 0 = -k - 5*n - 9, -4*n = -0*k - 4*k - 108. Let u be 1*(-6)/(-24)*-76. Let w = u - k. Calculate the greatest common factor of 1 and w.
1
Suppose 209 = -14*m + 1959. Let u = 149 - m. What is the highest common factor of u and 6?
6
Let f = 23618 - 20332. What is the highest common factor of 124 and f?
62
Suppose 0 = 19*m + 18*m - 333. Let z(o) = 10*o**2 - 2*o + 1. Let g be z(-2). What is the greatest common divisor of m and g?
9
Let x = 9039 - 9027. What is the greatest common factor of x and 516?
12
Let t be 108/((-1064)/98 - -11). Calculate the greatest common factor of t and 112.
28
Let f = 780 + 242. Calculate the greatest common divisor of 2482 and f.
146
Suppose 2*a = 3*h - 3127, -h - 4*a + 717 + 358 = 0. What is the greatest common divisor of h and 12?
3
Suppose -5*r = 20, 23*f - 26*f - r + 4205 = 0. Calculate the highest common factor of 184 and f.
23
Let s be 2 + (-972)/(-7 - -1). Let r = s - 110. Let n(b) = b**2 + 18. Let f be n(0). What is the highest common divisor of r and f?
18
Let h = -85 + 193. Suppose -22*j = -18*j - h. Suppose 21*u + 48 = j*u. Calculate the highest common divisor of 4 and u.
4
Let s = 6161 - 5857. Calculate the highest common divisor of s and 209.
19
Let r(p) = p**2 + 78*p + 233. Let y be r(-3). What is the greatest common divisor of y and 8680?
8
Let y = 8 + 20. Suppose y = -41*v + 37*v. Let c(s) = -14*s - 14. Let u be c(v). What is the greatest common divisor of u and 12?
12
Suppose -b + 4*z = -783, -4*b + 3*z + 3246 = 88. Calculate the greatest common factor of b and 10057.
113
Suppose 5*k = 5*j - 6*j + 321, 0 = -4*k - 2*j + 258. Let p(v) = -223*v + 2. Let m be p(-2). What is the highest common divisor of k and m?
64
Suppose -114*v + 6528 = -12*v. What is the greatest common factor of v and 52?
4
Suppose -150*f = -144*f + 12. Let u be (29/f)/(7/(-28)). Suppose -4*l + 725 = l. What is the highest common divisor of l and u?
29
Suppose 14*i + 1563 - 17824 = -2121. Calculate the greatest common factor of i and 20.
10
Suppose -5*z - 10 = -3*f + 57, -4*f + 51 = z. Suppose 89219*m = 89242*m - 46. What is the greatest common divisor of m and f?
2
Let o be (1164/(-485))/(-4 - (-718)/180). Calculate the greatest common factor of 1272 and o.
24
Suppose -t - 4*s = -1 - 18, 2*t - 2*s = -2. Suppose -2*g - 4*b = -2, 17 - 13 = 2*g + t*b. Calculate the highest common factor of g and 155.
5
Let d = 9025 + 8831. What is the highest common factor of 186 and d?
186
Let l = -110 - -123. Let c(r) = -6*r + 7*r + 1 + 7*r - 4. Let z be c(2). Calculate the highest common factor of l and z.
13
Let c = 729 - 715. Let p be c*1 + (4 - (8 + -4)). Calculate the greatest common divisor of 1414 and p.
14
Suppose 5*h - 2*y = y + 3521, 0 = -4*h + 5*y + 2822. Suppose 5*b + 5*c = 1755, 2*b + 0*b + 3*c - h = 0. Calculate the highest common factor of 56 and b.
14
Let m be (775/(-20) - -6)/(1/4). Let j = -121 - m. What is the highest common factor of j and 40?
10
Let d(t) = -t**3 - 3. Let o be d(2). Let p be o/(-3) + 5/15. Suppose p*j = 3*m + 24, 3*j + m - 11 - 7 = 0. What is the greatest common divisor of j and 24?
6
Let s(t) = t**3 - 4*t**2 - 7*t + 9. Let v be s(10). Suppose i + 103 + 510 = 4*m, 4*m - 2*i - 610 = 0. Calculate the highest common divisor of v and m.
77
Suppose -4*m + 3*m + 1350 = m. What is the greatest common factor of 300 and m?
75
Suppose 0*u = 3*u - 33. Let s(n) = -n**2 + 30*n - 84. Let y be s(18). What is the highest common factor of y and u?
11
Let b = -120 + 118. Let a = -24 - -34. Let i = a - b. Calculate the highest common divisor of 84 and i.
12
Let f be ((-343)/(-28))/7*(-2080)/(-26). Let n = -102 - -207. Calculate the highest common divisor of f and n.
35
Suppose 25*i - 109452 = -27*i - 29580. Calculate the greatest common factor of 480 and i.
96
Let v(z) = -2*z**2 - 34*z + 20. Let q be v(-15). Let a = q + -87. Let y = 11 + a. What is the greatest common factor of 44 and y?
4
Suppose l - 2*l - 3 = 0, -b = 5*l - 68. Suppose -5*t + 3*g + b = -0*g, 5*t = 5*g + 85. Calculate the greatest common factor of 8 and t.
8
Suppose -11 = -v - 1. Let h(i) = i + 17. Let b be h(-15). Let u be 167 + 2*(1/(-2) + b). Calculate the highest common divisor of u and v.
10
Let u = -658 + 4284. What is the highest common divisor of 147 and u?
49
Let y(u) = 8*u**2 + 12*u + 6. Let b be 2*(-15)/25*(-5)/(-2). Let d be y(b). What is the highest common divisor of d and 504?
42
Let u(r) = -10 + 33*r - 31 - 66 + 11. Let l be u(4). What is the highest common factor of 24 and l?
12
Let l = -4639 + 4699. What is the highest common factor of l and 3370?
10
Suppose -5*r = -25*r + 2480. Suppose -20*a + r = -196. Calculate the greatest common factor of a and 72.
8
Suppose 312*q = 81*q + 335412. What is the greatest common factor of q and 396?
132
Suppose z + 33 = 3*x, -153*z - 27 = -3*x - 151*z. What is the highest common divisor of x and 20189?
13
Suppose 4*b - 11580 = -5*j, 2*j - 4632 = 159*b - 163*b. What is the greatest common factor of j and 36?
12
Suppose -o = -6*o + 110. Suppose 11*q + 66 = 12*q. Calculate the highest common divisor of o and q.
22
Suppose 18*j + 5 = -c + 23*j, 2*c - 6 = 2*j. Suppose 5*g = -3*a + 122, -c*g + 5*a - 64 = -7*g. Calculate the greatest common divisor of g and 99.
11
Suppose -44*b = -8735 - 4553. What is the highest common divisor of b and 453?
151
Let j = -882 - -1066. What is the greatest common divisor of 72 and j?
8
Let i(a) = -4*a + 132. Let o be i(31). Let c be 765/(-36)*o/(-2). Let r be 1/(-2) + 70/4. What is the greatest common divisor of r and c?
17
Let p be 0/(-3) + 174 + 2. Suppose q = 4*j - 154 + 137, 0 = -3*q - 3*j + 54. Calculate the highest common factor of q and p.
11
Suppose 0 = i + 2*y - 0*y - 120, -i + 2*y = -100. Let a(b) = -2*b**3 - 3*b**2 + 100*b + 243. Let q be a(-8). What is the greatest common factor of q and i?
55
Suppose 2*f = -2*j + 12, -5*f = 4*j - 3 - 16. Let r = 1302 + -1236. Suppose -22*s - 44 = -r. Calculate the greatest common divisor of j and s.
1
Let o(b) = -3792*b**3 + 5*b**2 - 21*b - 50. Let v be o(-2). What is the highest common divisor of 108 and v?
108
Suppose 0 = 2*t - 105 + 33. Let k(s) = s**3 + 10*s**2 + 28*s + 132. Let q be k(-8). What is the highest common factor of t and q?
36
Let a be ((-225)/90)/(3/6) - -5925. Calculate the greatest common divisor of a and 320.
160
Let z(k) = 10*k**2 - 2*k + 1. Let d be z(1). Let v = 371 - 338. Suppose v*h - 450 = 23*h. Calculate the highest common factor of h and d.
9
Suppose 98*c = 34*c + 42892 - 5452. Calculate the highest common divisor of c and 156.
39
Let d be (2/(-4))/((-2)/96). Calculate the highest common divisor of d and 5772.
12
Let s(q) = 20*q**2 + 17*q - 42. Let c be s(2). Let g be (-80)/(-2)*18/4. Calculate the greatest common divisor of c and g.
36
Let q be (-164)/(-26) - (-300)/(-975). Let r be (5/2 + -1)*36. What is the highest common divisor of r and q?
6
Let c be 3/(-6 + -3) - (-2080)/(-15). Let s = 251 + c. Suppose 4*u - 2*a - s = 0, 2*a + 79 = 3*u - 5. What is the greatest common divisor of u and 4?
4
Let q be (-9258)/(-90) + 13 - (-6)/45. What is the greatest common divisor of 522 and q?
58
Suppose 0 = -0*x - 2*x - 5*x. Suppose 52*a - 60*a + 184 = x. Calculate the greatest common factor of 322 and a.
23
Suppose -27*l + 161961 = -294231. What is the highest common divisor of l and 132?
132
Let l be (-68840)/(-20) - (-36)/(-2). What is the highest common factor of 64 and l?
32
Let o = -31 + 68. Let h(g) be the second derivative of 25*g**3/6 - 46*g**2 + 3*g - 2. Let j be h(17). What is the greatest common factor of o and j?
37
Let o = -5 + 11. Suppose 28*k = -16209 - 37215. Let i be k/(-11) - (8 - (-1034)/(-121)). What is the greatest common factor of o and i?
6
Let l(t) = 4*t**2 + 241*t - 28. Let a be l(-61). What is the greatest common factor of 425 and a?
5
Suppose -5993 - 2383 = 8*j. Let g = j - -1522. Calculate the highest common factor of g and 25.
25
Suppose 70 = -2*t - 2*y, 5*t + 154 = -0*t + 2*y. 